1) to base 9
-2
What is 3 (base 9) in base 3?
10
What is 5 (base 10) in base 9?
5
What is -22 (base 7) in base 3?
-121
What is -1 (base 13) in base 8?
-1
What is 1 (base 5) in base 13?
1
What is 36 (base 11) in base 4?
213
Convert 66 (base 14) to base 16.
5a
-125 (base 10) to base 11
-104
Convert 3 (base 11) to base 8.
3
-12 (base 3) to base 15
-5
Convert -146 (base 7) to base 15.
-58
Convert -102 (base 9) to base 16.
-53
Convert -112001 (base 3) to base 6.
-1431
-22 (base 7) to base 13
-13
23 (base 6) to base 4
33
Convert -6 (base 16) to base 5.
-11
What is 4 (base 16) in base 10?
4
Convert -6 (base 10) to base 11.
-6
Convert 211 (base 3) to base 13.
19
Convert 2 (base 6) to base 12.
2
What is -2 (base 8) in base 3?
-2
Convert 271 (base 8) to base 5.
1220
Convert -101000010 (base 2) to base 9.
-387
What is 11 (base 5) in base 11?
6
What is -1b (base 13) in base 9?
-26
What is -3f (base 16) in base 3?
-2100
-344 (base 9) to base 13
-18a
Convert -14 (base 15) to base 6.
-31
Convert 4 (base 9) to base 6.
4
-8 (base 16) to base 10
-8
-9 (base 14) to base 13
-9
Convert -11 (base 4) to base 9.
-5
What is -4 (base 15) in base 16?
-4
0 (base 8) to base 13
0
What is 65 (base 15) in base 14?
6b
Convert -2ab (base 12) to base 13.
-263
What is -13 (base 16) in base 6?
-31
20 (base 3) to base 8
6
Convert 5 (base 13) to base 14.
5
Convert -1a (base 16) to base 12.
-22
What is -3 (base 6) in base 14?
-3
What is 10 (base 14) in base 3?
112
What is -8 (base 9) in base 2?
-1000
Convert 6 (base 8) to base 9.
6
Convert -8 (base 9) to base 6.
-12
What is 124 (base 11) in base 4?
2103
What is 2 (base 4) in base 15?
2
-1103 (base 4) to base 10
-83
What is -3 (base 13) in base 2?
-11
Convert 94 (base 11) to base 15.
6d
What is 3 (base 12) in base 10?
3
Convert -17 (base 9) to base 12.
-14
19a (base 11) to base 6
1022
What is d (base 14) in base 7?
16
Convert -333 (base 4) to base 8.
-77
Convert 77 (base 9) to base 7.
130
What is 28 (base 9) in base 8?
32
What is -48 (base 9) in base 3?
-1122
-1 (base 10) to base 3
-1
Convert -6 (base 16) to base 14.
-6
What is -100 (base 2) in base 9?
-4
30 (base 12) to base 13
2a
Convert -15 (base 14) to base 13.
-16
What is 1 (base 12) in base 7?
1
What is 143 (base 8) in base 12?
83
Convert -5 (base 12) to base 3.
-12
Convert -11 (base 8) to base 13.
-9
-e (base 15) to base 5
-24
Convert -14 (base 11) to base 12.
-13
What is 100 (base 9) in base 12?
69
4 (base 15) to base 5
4
Convert -22 (base 12) to base 15.
-1b
What is -44 (base 5) in base 16?
-18
-2 (base 13) to base 11
-2
Convert 38 (base 10) to base 12.
32
What is 2 (base 5) in base 10?
2
Convert -17 (base 13) to base 7.
-26
What is -db (base 15) in base 4?
-3032
Convert -1302 (base 4) to base 8.
-162
What is -10 (base 10) in base 14?
-a
What is -1 (base 14) in base 5?
-1
What is 113 (base 7) in base 11?
54
Convert -4 (base 11) to base 5.
-4
-15 (base 10) to base 13
-12
What is -3011 (base 4) in base 7?
-401
Convert 13 (base 14) to base 10.
17
Convert 3d (base 16) to base 8.
75
27 (base 8) to base 14
19
What is -1010 (base 6) in base 8?
-336
What is 313 (base 4) in base 14?
3d
What is -51 (base 12) in base 9?
-67
Convert 1212 (base 4) to base 12.
86
Convert 10100 (base 2) to base 15.
15
What is 431 (base 7) in base 14?
118
-125 (base 11) to base 10
-148
-1 (base 4) to base 10
-1
What is 1 (base 16) in base 15?
1
What is -155 (base 6) in base 13?
-56
-110 (base 2) to base 9
-6
What is -4 (base 14) in base 16?
-4
What is 22 (base 5) in base 13?
c
-4a (base 16) to base 15
-4e
5 (base 11) to base 10
5
12 (base 3) to base 8
5
What is -11 (base 3) in base 11?
-4
What is 1112 (base 4) in base 5?
321
Convert -34 (base 6) to base 2.
-10110
What is -2 (base 16) in base 9?
-2
What is -63 (base 9) in base 13?
-45
-1110011 (base 2) to base 8
-163
What is 71 (base 15) in base 8?
152
Convert -44 (base 8) to base 9.
-40
-10 (base 5) to base 4
-11
What is -46 (base 13) in base 11?
-53
Convert -2 (base 15) to base 2.
-10
Convert 320 (base 6) to base 5.
440
What is 1 (base 12) in base 4?
1
-33 (base 7) to base 13
-1b
Convert -5 (base 10) to base 5.
-10
-2 (base 7) to base 15
-2
-1 (base 10) to base 15
-1
What is 210 (base 3) in base 14?
17
72 (base 16) to base 9
136
What is 30 (base 10) in base 5?
110
Convert -32 (base 5) to base 16.
-11
Convert 3 (base 5) to base 7.
3
Convert 5 (base 9) to base 16.
5
-11100 (base 3) to base 16
-75
What is -26 (base 14) in base 7?
-46
1102 (base 3) to base 8
46
1 (base 5) to base 7
1
Convert 23 (base 4) to base 6.
15
What is -3 (base 4) in base 8?
-3
Convert 2 (base 8) to base 16.
2
Convert 0 (base 2) to base 11.
0
2 (base 8) to base 6
2
102 (base 3) to base 4
23
What is -42 (base 5) in base 13?
-19
Convert 1 (base 11) to base 13.
1
What is -16 (base 14) in base 16?
-14
a0 (base 13) to base 15
8a
What is 60 (base 9) in base 7?
105
Convert -10 (base 3) to base 5.
-3
Convert -1 (base 2) to base 16.
-1
What is -1 (base 6) in base 15?
-1
What is 5 (base 14) in base 13?
5
Convert 1 (base 14) to base 12.
1
74 (base 16) to base 12
98
What is 0 (base 14) in base 8?
0
Convert 170 (base 12) to base 13.
147
Convert 3b (base 12) to base 14.
35
What is -1 (base 6) in base 14?
-1
Convert 8 (base 12) to base 6.
12
Convert -4c (base 16) to base 3.
-2211
-6 (base 11) to base 12
-6
Convert -15 (base 9) to base 3.
-112
-123 (base 4) to base 7
-36
What is -146 (base 9) in base 2?
-1111011
Convert -11 (base 7) to base 3.
-22
What is 0 (base 15) in base 7?
0
1 (base 7) to base 11
1
What is -212 (base 7) in base 2?
-1101011
What is -1 (base 9) in base 6?
-1
Convert 3 (base 10) to base 4.
3
Convert 110 (base 2) to base 5.
11
What is 2 (base 3) in base 7?
2
-3 (base 11) to base 16
-3
What is 1 (base 10) in base 15?
1
What is -12 (base 6) in base 7?
-11
100 (base 2) to base 3
11
17 (base 8) to base 16
f
What is 14 (base 7) in base 9?
12
Convert 0 (base 3) to base 16.
0
201 (base 3) to base 10
19
What is -10 (base 3) in base 5?
-3
Convert 10 (base 13) to base 8.
15
6c (base 14) to base 12
80
-6 (base 12) to base 10
-6
What is 10 (base 4) in base 9?
4
-14 (base 5) to base 10
-9
-14a (base 12) to base 9
-244
What is 17 (base 13) in base 11?
19
Convert 14 (base 7) to base 3.
102
What is 37 (base 16) in base 7?
106
-10 (base 2) to base 7
-2
Convert 9 (base 16) to base 15.
9
What is 7 (base 15) in base 16?
7
What is -102 (base 11) in base 13?
-96
What is -3 (base 10) in base 5?
-3
Convert 3 (base 5) to base 4.
3
What is -22 (base 7) in base 8?
-20
What is -18 (base 13) in base 15?
-16
What is 10 (base 10) in base 8?
12
Convert -11 (base 3) to base 10.
-4
Convert -13 (base 10) to base 16.
-d
What is -100 (base 3) in base 6?
-13
Convert -11010 (base 2) to base 9.
-28
-22 (base 13) to base 11
-26
What is 15 (base 13) in base 16?
12
-2 (base 14) to base 5
-2
What is -524 (base 7) in base 2?
-100000111
-7 (base 8) to base 13
-7
Convert 3 (base 4) to base 10.
3
What is 251 (base 6) in base 10?
103
5 (base 6) to base 5
10
Convert 2 (base 7) to base 9.
2
0 (base 5) to base 11
0
3a (base 13) to base 10
49
Convert -53 (base 6) to base 8.
-41
Convert 53 (base 8) to base 10.
43
Convert 16 (base 15) to base 8.
25
1303 (base 4) to base 7
223
What is 37 (base 11) in base 5?
130
What is 1 (base 13) in base 2?
1
Convert -1 (base 8) to base 14.
-1
Convert -280 (base 9) to base 5.
-1414
114 (base 5) to base 14
26
Convert -42 (base 10) to base 5.
-132
6 (base 10) to base 16
6
Convert 2c (base 14) to base 16.
28
Convert -3 (base 12) to base 5.
-3
Convert 77 (base 14) to base 6.
253
What is -1a7 (base 14) in base 12?
-247
What is -6 (base 16) in base 4?
-12
What is 5 (base 6) in base 7?
5
What is -2 (base 6) in base 4?
-2
What is -10121 (base 3) in base 7?
-166
Convert 9 (base 14) to base 7.
12
Convert 1 (base 12) to base 4.
1
0 (base 11) to base 14
0
-2 (base 6) to base 9
-2
Convert -1 (base 14) to base 7.
-1
154 (base 9) to base 8
202
What is -93 (base 16) in base 4?
-2103
Convert -5 (base 12) to base 2.
-101
What is -111101 (base 2) in base 14?
-45
What is 36 (base 14) in base 12?
40
Convert -100 (base 6) to base 3.
-1100
-82 (base 10) to base 4
-1102
What is -150 (base 6) in base 4?
-1002
-4a (base 13) to base 7
-116
107 (base 12) to base 6
411
Convert 326 (base 10) to base 2.
101000110
Convert 1 (base 2